me number?
True
Is 173599919 prime?
False
Is 157181233 a prime number?
False
Is 17563957 a prime number?
False
Is 58124497 composite?
True
Is 8408303 a composite number?
True
Is 7637599 composite?
False
Is 4946155 prime?
False
Is 12571649 a composite number?
False
Is 528082871 a prime number?
False
Is 262541 a composite number?
False
Is 37393493 a composite number?
True
Is 102609979 composite?
False
Is 14081447 composite?
False
Is 38914991 prime?
False
Is 46525103 composite?
False
Is 3649339 a prime number?
False
Is 1192891 a composite number?
True
Is 2053291 composite?
False
Is 58150493 a composite number?
False
Is 447163 prime?
False
Is 9421261 a composite number?
False
Is 420169 a prime number?
False
Is 7075423 a composite number?
False
Is 359691286 a prime number?
False
Is 976249 a prime number?
False
Is 6887701 a prime number?
False
Is 98195681 prime?
True
Is 30620471 a composite number?
True
Is 17495743 a prime number?
True
Is 73525081 a prime number?
False
Is 335831 composite?
True
Is 374912177 a composite number?
False
Is 18396071 a prime number?
True
Is 2346991 a composite number?
True
Is 6331849 a prime number?
True
Is 133998583 composite?
True
Is 28473 prime?
False
Is 25138979 prime?
True
Is 623055655 a composite number?
True
Is 42398717 prime?
True
Is 1247969 prime?
True
Is 157245009 composite?
True
Is 383183771 a composite number?
True
Is 6381101 prime?
True
Is 144928109 a prime number?
False
Is 12425431 a composite number?
True
Is 992974 prime?
False
Is 4410473 a prime number?
True
Is 1235027 composite?
False
Is 131624239 a prime number?
False
Is 59103469 composite?
True
Is 71526971 a prime number?
False
Is 821749 a prime number?
False
Is 239913121 a composite number?
True
Is 90499 composite?
False
Is 53813743 a prime number?
True
Is 3856889 composite?
True
Is 523391 a prime number?
False
Is 5176841 a prime number?
True
Is 109671091 prime?
True
Is 7039563 a prime number?
False
Is 802439 a composite number?
True
Is 4671889 a composite number?
True
Is 7914349 composite?
False
Is 178319 composite?
True
Is 32527567 a composite number?
False
Is 26480603 composite?
True
Is 11169218 a prime number?
False
Is 4425389 a prime number?
False
Is 66409909 composite?
False
Is 296447 a prime number?
False
Is 19597493 prime?
False
Is 7646701 a prime number?
False
Is 19324697 prime?
False
Is 15031 composite?
False
Is 14778517 composite?
True
Is 23800433 a prime number?
True
Is 202544369 a prime number?
True
Is 2110499 a composite number?
True
Is 21314501 prime?
False
Is 278009 composite?
True
Is 127054321 composite?
False
Is 3139639 a prime number?
True
Is 155971841 composite?
False
Is 2869403 composite?
False
Is 85150103 prime?
True
Is 7996342 a prime number?
False
Is 92459 a composite number?
False
Is 826567 composite?
True
Is 465525373 composite?
False
Is 2460561 composite?
True
Is 212156897 prime?
True
Is 31088611 a prime number?
True
Is 390260747 a composite number?
True
Is 21058211 a composite number?
False
Is 37658351 a prime number?
True
Is 212430341 a composite number?
False
Is 8283271 prime?
False
Is 13433309 composite?
False
Is 398903 composite?
False
Is 138245073 prime?
False
Is 15374207 a prime number?
True
Is 6264485 a prime number?
False
Is 1860619 composite?
True
Is 10299153 composite?
True
Is 26661787 a prime number?
False
Is 6478831 a prime number?
True
Is 37686169 a prime number?
True
Is 15137009 a prime number?
True
Is 148867117 a prime number?
False
Is 9384671 a composite number?
False
Is 26374043 prime?
False
Is 226685755 a prime number?
False
Is 152737579 prime?
True
Is 57616591 prime?
False
Is 481552973 composite?
True
Is 40374934 a composite number?
True
Is 639494 prime?
False
Is 1064093 prime?
False
Is 117713 composite?
True
Is 638230882 composite?
True
Is 2890739 a composite number?
False
Is 31377317 a composite number?
False
Is 70953383 a composite number?
True
Is 48267659 prime?
False
Is 7428163 prime?
False
Is 1041501353 composite?
False
Is 15318551 a prime number?
True
Is 89591 a composite number?
False
Is 5524601 a composite number?
False
Is 600389 a prime number?
False
Is 976553 a composite number?
False
Is 2740827527 a composite number?
False
Is 303860437 composite?
False
Is 1761911 a composite number?
False
Is 36859393 composite?
False
Is 5187451 prime?
False
Is 43601557 a prime number?
True
Is 190271 composite?
False
Is 3072749 a composite number?
False
Is 2929921 prime?
True
Is 4327627 prime?
False
Is 7553267 composite?
False
Is 45742621 prime?
True
Is 10685261 composite?
False
Is 16625309 composite?
False
Is 250319093 a composite number?
False
Is 266528935 prime?
False
Is 149326837 a prime number?
False
Is 1837351 a prime number?
False
Is 789311 composite?
False
Is 138363803 a prime number?
True
Is 10676089 a prime number?
False
Is 15245737 prime?
False
Is 7441513 prime?
True
Is 9871619 prime?
True
Is 91813097 a composite number?
True
Is 819159277 composite?
True
Is 4460699 a prime number?
True
Is 545579 prime?
True
Is 120634 a prime number?
False
Is 3305359 a composite number?
True
Is 1397599 a composite number?
True
Is 665141 a prime number?
True
Is 6243239 prime?
True
Is 2891803 composite?
True
Is 883149 composite?
True
Is 244015721 a composite number?
False
Is 3823003 a composite number?
True
Is 46363117 a composite number?
False
Is 13128943 prime?
False
Is 19013669 composite?
False
Is 7926041 a composite number?
False
Is 137877287 prime?
False
Is 5846957 composite?
False
Is 2823167 a composite number?
False
Is 186773 composite?
False
Is 4108589 a prime number?
True
Is 30762593 a prime number?
True
Is 4143469 composite?
True
Is 4021961 prime?
True
Is 765473 a prime number?
False
Is 16192613 a prime number?
False
Is 67402757 a prime number?
False
Is 2360069 a composite number?
False
Is 15752215 prime?
False
Is 16681277 composite?
False
Is 830657 a composite number?
False
Is 3298265 a prime number?
False
Is 139824049 prime?
True
Is 258233 a composite number?
False
Is 7579001 a composite number?
False
Is 531427 composite?
True
Is 519500363 prime?
True
Is 151462963 a composite number?
True
Is 141916363 a composite number?
False
Is 33814982 a prime number?
False
Is 143409355 a composite number?
True
Is 210043813 a composite number?
True
Is 29562263 prime?
True
Is 1993669 prime?
False
Is 44890931 a prime number?
False
Is 11679413 prime?
True
Is 254938457 composite?
True
Is 1408327 composite?
True
Is 93086207 composite?
False
Is 19324559 prime?
True
Is 1632331 a composite number?
True
Is 2392561 prime?
True
Is 1711741 composite?
True
Is 13507691 a composite number?
True
Is 2407637 prime?
False
Is 29757971 composite?
True
Is 5238235 a composite number?
True
Is 186061949 a composite number?
False
Is 162887 a prime number?
False
Is 5447959 composite?
True
Is 4523663 a composite number?
True
Is 1511687939 composite?
False
Is 29385155 a composite number?
True
Is 12376079 prime?
True
Is 62138743 composite?
True
Is 841361 prime?
False
Is 90501407 composite?
False
Is 24338869 a composite number?
True
Is 5217349 a prime number?
True
Is 5664007 composite?
True
Is 63695 a composite number?
True
Is 1654927 a composite number?
True
Is 3974443 prime?
False
Is 163160057 a prime number?
False
Is 114950881 a prime number?
True
Is 295048519 prime?
True
Is 2171851 prime?
False
Is 576054397 a prime number?
False
Is 71788667 a composite number?
True
Is 141907631 composite?
True
Is 29570987 a composite number?
True
Is 1994299 prime?
True
Is 30293209 composite?
True
Is 872329 composite?
True
Is 632789 prime?
False
Is 12935993 prime?
False
Is 449349881 a composite number?
True
Is 643888603 composite?
True
Is 222166363 prime?
True
Is 167147863 composite?
False
Is 44930239 a composite number?
False
Is 102517 a composite number?
True
Is 13210023 a prime number?
False
Is 831601 a prime number?
False
Is 911055441 a composite number?
True
Is 52414481 a composite number?
True
Is 339742409 prime?
False
Is 31689743 a composite number?
True
Is 79617 prime?
False
Is 77740105 composite?
True
Is 53802103 a prime number?
True
Is 83294779 composite?
False
Is 1195421 a prime number?
True
Is 7086979 a composite number?
True
Is 2701747 a composite number?
True
Is 259457467 prime?
False
Is 154293109 prime?
True
Is 10101137 a composite number?
False
I